2*y - y, -2*y + 2 = o. Calculate the highest common factor of 18 and o.
2
Let w be 3 - ((-1)/(-7) + 176/(-56)). Let l(x) = x**3 - 6*x + 9. Let g be l(w). Calculate the highest common factor of g and 21.
21
Suppose -48 = -395*d + 379*d. Calculate the highest common divisor of d and 615.
3
Suppose 13 = 4*o + 1. Let h(l) = 26*l + 12. Let r be h(o). What is the greatest common factor of r and 18?
18
Let l be (-3)/5 - (-583)/55. Suppose l*v = 7*v + 225. Suppose 5*g - 3*a - 81 = -6*a, 4*g - a = v. Calculate the greatest common factor of 45 and g.
9
Suppose 4*d - 3*i - 1062 = 0, 12*d - 782 = 9*d - 5*i. What is the highest common factor of d and 110?
22
Suppose -18*b + 5 = -13. Let p = -1 - -8. Let y be (-1 + (b - -1))*p. Calculate the greatest common factor of y and 28.
7
Let l(i) = -12*i + 36. Let v be l(-13). What is the highest common divisor of 12 and v?
12
Suppose -4 = -4*k - 0. Let g = -61 + 81. Let u(b) = b**3 - 21*b**2 + 19*b + 27. Let w be u(g). What is the highest common divisor of w and k?
1
Let j(n) = -4*n**2 - 24*n + 37. Let f be j(-7). What is the highest common divisor of f and 252?
9
Suppose 9*x = 14*x - 60. What is the highest common divisor of 36 and x?
12
Suppose 129*z + 6150 = 135*z. Calculate the highest common factor of 75 and z.
25
Let k(j) = 49*j. Let d(a) = -33*a. Suppose 5 = v - 2*v. Let c(n) = v*k(n) - 7*d(n). Let i be c(-2). Calculate the greatest common factor of i and 42.
14
Let m = -382 + 406. Calculate the highest common factor of m and 88.
8
Let y = -139 - -197. Suppose -135*f = -9*f - 18270. What is the highest common divisor of f and y?
29
Let g be (1*-4)/((-7)/14). Let l = -9 - -9. Suppose l = 3*n - 8*n - 2*i + 12, -3*n = 5*i - 11. Calculate the highest common divisor of n and g.
2
Let y(c) = c - 8. Let g be y(6). Let z(h) = -4*h**3 - 2*h. Let x be z(g). Suppose 4*b - 47 + 11 = 0. Calculate the greatest common divisor of x and b.
9
Let k(j) = j**3 + 10*j**2 + 7*j - 9. Let w be k(-9). Suppose 0 = -6*v + 45 - w. What is the greatest common divisor of v and 12?
6
Let y(m) be the second derivative of -m**5/20 + m**4 - 11*m**3/6 - 4*m**2 - 14*m. Let i be y(9). What is the greatest common factor of i and 17?
17
Let c be 2 + -1 + 5*28. Let w = c + -97. Let b be (-3282)/(-30) - (-18)/30. Calculate the highest common factor of b and w.
22
Suppose -2*n + 20 = 9*w - 12*w, 4 = -n + 5*w. Let b = -161 + 241. What is the highest common factor of b and n?
16
Let s = -15 - -3. Let l be (-40)/s*42/4. What is the greatest common factor of 14 and l?
7
Suppose 0 = -5*f, 3*l - 41*f - 189 = -37*f. Suppose -3*v + 15 = -27. Calculate the greatest common factor of v and l.
7
Suppose -4*d - 2*r = -r - 179, -5*d = -3*r - 245. Let w = 24 + d. What is the greatest common divisor of 14 and w?
14
Let m(t) = -6*t**2 + 3*t - t**2 - t**3 + 17*t**2 + 0*t**2. Let p be m(10). What is the highest common divisor of 15 and p?
15
Let p = 1 - -1. Suppose -c - p*c = -1713. Let h = -285 + c. Calculate the highest common divisor of h and 26.
26
Suppose -v = 2*b - 34, -3*v - 3*b + 36 = -2*v. What is the highest common divisor of 75 and v?
15
Let z be 9/(-6 + (-9540)/(-1588)). Calculate the highest common divisor of 3 and z.
3
Suppose -11*b = -21*b + 2050. Calculate the highest common divisor of b and 5.
5
Let q be -3 - 17*(-1 + -2). Suppose 5*v - 50 = -5*d, 2*d - q = -0*d + 5*v. Calculate the greatest common divisor of d and 14.
14
Let l = 192 - 131. Calculate the greatest common factor of l and 183.
61
Suppose -143*v = -197*v + 29592. Calculate the greatest common factor of v and 685.
137
Suppose -g = -5*j - 0*j + 65, 0 = -2*j + 3*g + 39. Suppose 0 = j*b - 16*b + 980. What is the greatest common factor of 35 and b?
35
Let z = 75 - 63. Let h = -46 - -62. What is the highest common factor of h and z?
4
Suppose 27*u - 1351 = 23516. What is the highest common factor of u and 3?
3
Let l be 22/(0 + (-3)/6). Suppose -2*r = -8, 2*o - 20 = -2*o - 3*r. Let b be (-3)/o - l/8. Calculate the highest common divisor of 4 and b.
4
Let q = 4 - 2. Suppose -3 = -q*a + 3, -a - 4 = -t. Let h be (-4)/((7/(-20))/t). What is the greatest common divisor of 32 and h?
16
Suppose 4*n + 4*u = 88, u - 50 = -2*n - 3*u. What is the highest common factor of 209 and n?
19
Suppose 1 = 3*u - 20. Let f be (-4 + (7 - 4))*-7. Calculate the greatest common divisor of f and u.
7
Suppose 2*p = -4*l - 6 - 50, l = 1. Let i = p - -49. Let w(m) = 2*m**2 + 11*m - 2. Let f be w(-8). What is the greatest common factor of i and f?
19
Suppose 4*q + 51 = i, 4*q = -3*i - q + 170. What is the greatest common divisor of 605 and i?
55
Suppose 4*w - 99 - 22 = m, -2*m + 130 = 4*w. What is the greatest common divisor of 248 and w?
31
Suppose -3*n + 44 = -2*l - 2, -3*n + 40 = l. What is the greatest common divisor of 567 and n?
7
Let t(b) be the second derivative of b**3/6 + 3*b**2/2 + 8*b. Let m be t(0). Let q be 7 - -2 - (m - 2). Calculate the highest common factor of q and 8.
8
Suppose 0 = -5*k + 5*f + 280, k + 41 = 5*f + 97. Calculate the greatest common divisor of 63 and k.
7
Suppose 6*w - 68 - 64 = 0. Let r = -3 - -2. Let m(j) = 57*j**2 + j - 1. Let p be m(r). Calculate the highest common divisor of w and p.
11
Suppose 239 - 425 = -3*r. Calculate the highest common divisor of r and 310.
62
Let h be (0 - 1)*(2 + -19). Let r = -2 + h. Calculate the greatest common factor of r and 5.
5
Suppose -j - 29 = -213. What is the highest common factor of j and 8?
8
Let c = 16 + 5. Suppose -2*g = 3*i - 91 + c, -3*i = 4*g - 68. What is the highest common factor of i and 8?
8
Suppose 27*i - 300 = 3669. Calculate the highest common factor of i and 189.
21
Suppose 5*f + 4*o - 289 = 0, 4*o - 236 + 69 = -3*f. Let x = 86 - f. Calculate the greatest common divisor of 10 and x.
5
Suppose m + 21 = 109. Suppose 5*w = 5*b - 220, 7*w - 5*w = -2*b + m. What is the highest common factor of 4 and b?
4
Suppose -v = -8 - 16. Let s be 1*(-2)/(-6)*-159. Let d = s + 245. What is the highest common divisor of v and d?
24
Let r be 7*(2 + (-4)/7). Suppose 0 = 5*x - r. Suppose -82 = -2*p - 2*k, -x*p + 112 = 3*k + 31. Calculate the highest common factor of 6 and p.
6
Let i(z) = z**2 + 8*z + 9. Let v(u) = 14*u + 7. Let d be v(-1). Let k be i(d). What is the greatest common factor of 22 and k?
2
Suppose 0 = -8*h + 11*h + 9. Let u be h + 198/12 + 3/(-2). Calculate the greatest common divisor of u and 4.
4
Suppose 3*m - m + 5*v = 52, -4*m = 3*v - 132. Let x be (0/(-5) + 2)/((-2)/(-4)). What is the greatest common divisor of m and x?
4
Let w be (-50)/4*(-6)/(-3). Let u be 10/w + (-44)/(-10). Suppose s + u = 28. What is the greatest common factor of s and 36?
12
Suppose -26*c + 28*c - 1140 = 0. What is the greatest common divisor of c and 30?
30
Suppose 0 = -5*m - 5*w + 190, 5*w = -0*w + 10. Suppose 0*h = 6*h + m. Let u be 17 + h*(-5)/(-10). Calculate the greatest common factor of u and 112.
14
Let b be ((-168)/36)/((-4)/6). Calculate the greatest common factor of 371 and b.
7
Let x(l) = 24*l - 456. Let f be x(21). Suppose -2*n + 36 = -n. Calculate the greatest common divisor of n and f.
12
Let z = -106 - -208. Suppose 2*h = z + 6. What is the greatest common factor of h and 9?
9
Let b = -49 - -35. Let f = b + 72. Calculate the greatest common divisor of f and 145.
29
Suppose 0 = w - 1 - 1. Suppose -4*v = -w*v - 504. Calculate the greatest common divisor of v and 36.
36
Let c = -1310 + 1372. What is the highest common divisor of c and 1178?
62
Suppose -8*x + 32 = -4*x. Let q = 1860 - 1804. What is the greatest common divisor of x and q?
8
Suppose -2*j - c + 30 = 16, -16 = -4*j + 4*c. What is the greatest common divisor of j and 1710?
6
Let v(t) = t**3 + 7*t**2 + 10*t + 8. Let n be v(-6). Let a = -10 - n. What is the greatest common factor of a and 12?
6
Let m = -114 - -150. Let h be 0 + 1 - (-4 - 4). What is the highest common factor of h and m?
9
Suppose -b - o + 31 = 0, -4*b + 2*o + 97 + 45 = 0. Let r = 157 + -72. What is the highest common divisor of b and r?
17
Let i be -1*1/(-1)*1. Let a = -17 - -55. Let y = 43 - a. What is the highest common divisor of i and y?
1
Let q be 12/10*800/24. What is the greatest common divisor of q and 50?
10
Let h be (1 + (-66)/(-42))/((-1)/(-399)). What is the highest common divisor of h and 38?
38
Let p(b) = 13*b**2